2 - 3*u + 4. Let z be q(1). Calculate the highest common divisor of 2 and z.
2
Suppose -5 - 9 = -d. Suppose 0 = -3*t - 5*l + 74, -2*l + 0*l - 144 = -5*t. What is the greatest common factor of d and t?
14
Let l(a) = 298*a**2 - a. Let r be l(1). Calculate the highest common factor of 27 and r.
27
Suppose 29 = 5*n + 369. Let b = -20 - n. Suppose 5*z = 2*z + b. Calculate the greatest common divisor of z and 2.
2
Suppose 0 = 5*l - 2*l - 18. Suppose -l*j = -7 + 1. Calculate the greatest common divisor of j and 8.
1
Suppose 0 = -5*g - h + 3*h + 159, 0 = 2*g - 2*h - 60. What is the greatest common factor of 99 and g?
33
Let w(o) = -o**3 - 4*o**2 + 5*o + 3. Let i be w(-5). Let a(u) = u**2 + 2 - 2 + 6*u + 2. Let h be a(-7). Calculate the highest common divisor of i and h.
3
Suppose 4*m = -w + 190 - 14, -4*m - 3*w = -176. Calculate the highest common divisor of m and 66.
22
Suppose 0*x - 10 = 5*x. Let z = -2 - x. Suppose -5*l = q - 4, 5*q - l - 98 = -z*q. What is the greatest common divisor of 57 and q?
19
Suppose 0 = -4*u + 2*t + 56, -3*t = -2*t + 4. Suppose -u = z - 4*z. Suppose -z*c + c = -12. What is the highest common divisor of c and 2?
2
Suppose -4*a + 2*v = 0, a - v + 5 = 3. What is the greatest common divisor of a and 2?
2
Let d = 4 - 2. Let w be (33/6)/(d/4). What is the highest common divisor of w and 1?
1
Suppose -5*f - 3*g = 225, 7*g + 23 = -f + 2*g. Let b be (-3)/9 + f/(-9). Suppose -4*j - 42 = -b*j. Calculate the highest common factor of 63 and j.
21
Let f = -68 + 18. Let m be (f/4)/(2/(-4)). What is the highest common factor of m and 75?
25
Let d = -5 + 10. Suppose 2*k - 3 - 7 = 2*c, -d*c = -4*k + 22. What is the highest common factor of k and 21?
3
Let o be (-6)/(-27) - 1076/(-18). Calculate the greatest common factor of o and 12.
12
Suppose -m - 4*h + 1 + 1 = 0, 26 = -5*m - 2*h. Let j be (-6)/(-3) - (m - -2). What is the greatest common divisor of j and 15?
3
Let v be (-1 + -711)*(-3)/4. Let o = v + -380. Let g(s) = 2*s + 4. Let d be g(5). What is the highest common divisor of o and d?
14
Let p be -8*(2 - 1)/(-2). Suppose -a + 5 = p. Let y be 64 - (-2 + a - -2). What is the highest common factor of y and 7?
7
Let o be ((-1)/(-3))/(9/54). What is the greatest common divisor of o and 6?
2
Let t be ((-6)/(-1))/(8/(18 - -6)). Calculate the greatest common factor of 18 and t.
18
Suppose -74 = -a - 0*a. Let l = a + -47. Calculate the highest common divisor of 3 and l.
3
Let o = -28 + 42. Calculate the greatest common divisor of 28 and o.
14
Suppose -2*z + x + 4 = -4, 3*x = 0. Let j = -10 - -9. Let d(y) = -8*y - 2. Let l be d(j). What is the greatest common divisor of l and z?
2
Suppose -24 = -2*m + 2*i, 0 = 4*m + m - 3*i - 58. Let x = -2 - -6. Suppose -x*s = -7*s + 33. Calculate the greatest common factor of m and s.
11
Let i = -19 - -9. Let t be (108/i)/(1/(-5)). Let s be 1/10 + (-9334)/(-260). Calculate the highest common divisor of t and s.
18
Suppose 0 = -4*b + 2 + 2. Let z be -2 + b - 4*-1. What is the greatest common factor of 24 and z?
3
Suppose 3*b - 8 = 2*t, -10 = 2*b - 4*b - t. Suppose -32 = -5*i + 28. Calculate the highest common divisor of i and b.
4
Let x(o) = -4*o + 10. Let d be x(10). Let y = d - -42. What is the highest common divisor of 48 and y?
12
Suppose -6*d + 20 = -2*d. Let m be 12/30 - (-138)/d. Suppose -5*l - 3*v = -m, 3*v = 4*l - 0*l - 44. Calculate the greatest common factor of 16 and l.
8
Let k be (-3)/(-6)*0/2. Suppose 100 = -k*j + 5*j. Calculate the greatest common divisor of j and 5.
5
Suppose 0 = -3*b + 29 + 271. Suppose -5*t + 126 = p, 0 = -3*t - t + 5*p + 95. What is the greatest common divisor of t and b?
25
Suppose -39 = -3*h + 204. Calculate the highest common divisor of 9 and h.
9
Let u(h) = h**2 + 6*h + 9. Let r be u(-5). Calculate the greatest common divisor of 2 and r.
2
Suppose -2*t + 3 + 5 = 0. Suppose -u + 5*q = -3*u + 144, -t*u + 3*q + 314 = 0. Let a be (-1 - -5)*(-14)/(-8). What is the highest common divisor of a and u?
7
Let d = 15 - 6. Suppose -3*z + 3 = m - 4*z, 0 = 2*m - 3*z - 6. Calculate the highest common divisor of m and d.
3
Let y(m) = m**2 + 7*m - 8. Let h be y(-9). Calculate the greatest common factor of h and 50.
10
Suppose -5*u + 18 = 3. Suppose u - 4 = -k. Let p(l) = 3*l**2 + l. Let a be p(k). What is the highest common factor of a and 36?
4
Let p(u) be the third derivative of u**6/120 - u**5/6 + 11*u**4/24 + 2*u**3 + u**2. Let q be p(9). What is the greatest common factor of 6 and q?
6
Let d be (8/(-6))/(2/(-9)). Let q = 3 - d. Let f be (26/(q + 2))/(-2). What is the greatest common factor of f and 117?
13
Let f(d) be the third derivative of d**5/30 + 7*d**4/24 + 7*d**3/6 - 3*d**2. Let r be f(-5). What is the highest common divisor of r and 176?
22
Suppose -4*f - 3*s = 188, -5*f + s = 231 + 23. Let y = -36 - f. Suppose 3*a - 210 = -2*a. What is the highest common factor of a and y?
14
Let x = 41 + -5. What is the greatest common factor of 9 and x?
9
Let y be (-1 - 4)*(17 + -27). Suppose 2*l - 21 = -11. Calculate the highest common factor of y and l.
5
Let d = 95 + -89. What is the highest common factor of 96 and d?
6
Let k = 2 - -3. Suppose t + 13 = 3*c - t, 2*t = -3*c + k. Suppose 3*u + 9 = 0, -6*u = 3*v - 2*u - 15. Calculate the highest common divisor of c and v.
3
Let m = 58 + -27. Let t = m - 21. Calculate the greatest common factor of 10 and t.
10
Let j(p) = -p - 8. Let o be j(-13). Calculate the highest common factor of o and 20.
5
Let v = -21 + 36. Let c(h) = h + 5*h**2 - 4*h + 0*h**2 - 5. Let r be c(-5). What is the greatest common divisor of r and v?
15
Suppose -4*z + 32 = -4*j, 2*z = 4*j + j + 19. Calculate the highest common factor of 49 and z.
7
Let u(f) = f - 6. Let q be u(0). Let l be 4/q - (-244)/6. Let p(n) = n**2 - 4. Let h be p(-8). Calculate the greatest common divisor of l and h.
20
Suppose -s + 1 + 1 = 0. Calculate the greatest common factor of 22 and s.
2
Let z = 12 - 0. Let w = 253 - 101. Let p = w - 92. What is the greatest common divisor of p and z?
12
Let v(x) = -3*x**2 + 5*x - 7. Let k be v(5). Let b = k + 33. Let g be (6/(-4))/(b/128). What is the greatest common divisor of g and 12?
4
Let j = 21 - 7. Let g(t) = 2*t**3 - 6*t**2 + 2*t - 5. Let a be g(4). Calculate the highest common factor of j and a.
7
Let b be 15/(-20) + (-2)/8. Let j = b + 6. Suppose 10*w - 125 = j*w. Calculate the highest common divisor of 5 and w.
5
Let h = -522 - -732. What is the highest common factor of 30 and h?
30
Let z(w) = w**3 + 4*w**2 + 4*w + 2. Let d be z(-2). Suppose -3*k + o = -0*o - 52, -5*k + 5*o + 100 = 0. What is the greatest common factor of k and d?
2
Let l be ((-3)/9 + 1)*36. What is the greatest common divisor of l and 96?
24
Let k be ((-15)/2)/(2/(-4)). Suppose 0 = j - 2*j + k. Calculate the greatest common divisor of 3 and j.
3
Let c = -113 + 134. Let d = 0 + 3. What is the highest common factor of d and c?
3
Let t(k) = -6*k + 14. Let f be t(-19). Calculate the greatest common factor of f and 320.
64
Let b(m) = -m**3 + 2*m**2 - m + 3. Let q be b(0). Suppose -11 = q*t - 65. Calculate the greatest common factor of 144 and t.
18
Suppose -5 = 3*y - 4*x, -4*x = -2*y - 5 - 5. Let s be (21/y)/((-2)/(-10)). Let r be (-1 - -189) + (1 - 0). Calculate the greatest common factor of r and s.
21
Let t be (4/(-6))/((-1)/6). Suppose 3 + 29 = t*a. What is the highest common factor of a and 16?
8
Suppose -9*m = -334 - 1367. What is the highest common divisor of m and 126?
63
Let x(m) = m**3 + 10*m**2 - 12*m. Let w be x(-11). What is the highest common factor of 77 and w?
11
Suppose 0 = -3*j - 2*c + 140, 5*j + 3*c - 232 = -c. Calculate the greatest common divisor of 240 and j.
48
Let r = 178 - 82. Suppose -4 = -2*t + 20. Suppose -6*j = -5*j - t. What is the greatest common divisor of j and r?
12
Let o be 12/(-9) + 2 + 520/30. Calculate the greatest common divisor of o and 6.
6
Let g = 3 - -1. Suppose -q + g = 3*i + 1, 2*q = i - 8. Suppose -2*o - 12 = -4*o. What is the highest common factor of o and i?
2
Let c be 2/(-5) + (-36)/10. Let o = c + 19. Let f be (-4)/8*2 - -16. Calculate the greatest common factor of f and o.
15
Let b(d) = 33*d**2 - 3*d - 2. Let i be b(-2). What is the greatest common divisor of 17 and i?
17
Let p be (-3)/(-1)*(-28)/(-3). Suppose 0 = i - 521 - 359. Le